 factors of (-1)/2 - y/(-2)?
2
Let q(v) = -v**2 - 30*v + 40. List the prime factors of q(-25).
3, 5, 11
Let f(n) = 2*n**2 + n. Let l be f(-3). Let u be 6/(-8) - l/(-4). Suppose -q + u*q + 4*v = 8, -3*q + v = -5. What are the prime factors of q?
2
Suppose 4*l + 5*x - 679 = 0, 2*x + 5 = 3. What are the prime factors of l?
3, 19
Let h(r) be the first derivative of r**3/3 - r**2 - r + 1. Let t = 15 + -11. List the prime factors of h(t).
7
Suppose 0 = 2*p + r - 86, 3*p = -5*r - 65 + 208. List the prime factors of p.
41
Let h = 35 + -24. Let o = h + -4. What are the prime factors of o?
7
Let c(a) = 4*a**2 - 1 + 5 - 3. Let l be c(-1). Suppose -41 = -l*h + 24. What are the prime factors of h?
13
Let l(v) = -3*v + 31. What are the prime factors of l(-15)?
2, 19
Let y = -217 + 387. List the prime factors of y.
2, 5, 17
Suppose d = -2*d + 78. List the prime factors of d.
2, 13
Let r(q) = q**2 + 4*q + 3. Suppose -2*i + 4*h = -i - 15, i - h = 0. List the prime factors of r(i).
2
Let c = 197 - 38. What are the prime factors of c?
3, 53
Let h(f) = 18*f**2 + 6*f - 5. What are the prime factors of h(3)?
5, 7
Let r be 1*9/2*-2. Let p = -8 - r. Let x(b) = 5*b. List the prime factors of x(p).
5
Suppose r - 220 = -3*t + 140, -4*t + 482 = 2*r. List the prime factors of t.
7, 17
Let k(v) = -v**2 + 5*v - 4. Let i be k(7). Let y = i - -46. Suppose -4*r + y = -20. List the prime factors of r.
2, 3
What are the prime factors of 3 + 82 + -1 + 6?
2, 3, 5
What are the prime factors of 4/((-32)/(-820))*(-8)/(-10)?
2, 41
Let o be ((-15)/(-3) + 0)/(-1). Let c be ((-12)/(-10))/((-2)/o). Let m(k) = 5*k - 3. List the prime factors of m(c).
2, 3
Suppose 1 - 53 = 2*l. Let o be (-10)/(-15) + l/(-6). Suppose 18 = 3*r + o*z, r + 30 = 6*r + 2*z. List the prime factors of r.
2, 3
Suppose -11 - 15 = -o - 5*q, 0 = -3*o + 3*q + 60. List the prime factors of o.
3, 7
Suppose -2*f = -3*c - 3*f + 156, 3*c + 5*f = 156. Let k = c - 22. List the prime factors of k.
2, 3, 5
Let h = -27 - -104. What are the prime factors of h?
7, 11
Let x = -156 - -96. What are the prime factors of ((-2)/5)/(2/x)?
2, 3
Let y be 12*-1*1/(-3). What are the prime factors of -5*y*(-33)/22?
2, 3, 5
Suppose 2*v + 2 = 26. List the prime factors of v.
2, 3
List the prime factors of (1/3)/((-3)/(-36)).
2
Let d = 0 + 0. Suppose -3*j + d*j - 4*s + 53 = 0, -12 = -2*j + 2*s. What are the prime factors of j?
11
Suppose -4*p + 220 + 184 = 0. List the prime factors of p.
101
Suppose -13 = -3*f + 35. Suppose 2*z + 5 = b, 4*z - f - 28 = -4*b. List the prime factors of b.
3
Suppose -y + 1 - 25 = 0. What are the prime factors of (y/(-5))/((-36)/(-270))?
2, 3
Suppose -2*n + 112 = -z + 3*z, 6 = 2*n. What are the prime factors of z?
53
Let k = 9 + 9. Suppose m + 10 = -o - 0*o, -5*o - m = 34. Let h = o + k. List the prime factors of h.
2, 3
Let o = 34 + -17. List the prime factors of o.
17
Suppose -3*m = -0*m + 3, 0 = i + 2*m - 26. List the prime factors of i.
2, 7
Let w(d) = 2*d + 2. Let c be w(1). Suppose -c*y + 171 = -y. List the prime factors of y.
3, 19
Let s = -23 - -106. List the prime factors of s.
83
Suppose l - 147 = i, 2*l + 2*i - 237 - 49 = 0. List the prime factors of l.
5, 29
Suppose -7*y + 3*y = u + 6, y - 6 = -u. List the prime factors of u.
2, 5
Let f = 159 + -104. List the prime factors of f.
5, 11
Let l = -5 + 7. Suppose 64 = 3*t + 4*r, 2*r - 116 = -3*t - l*t. List the prime factors of t.
2, 3
Let j = 68 + -372. List the prime factors of j/(-6) - 4/6.
2, 5
List the prime factors of (-357)/(-15) - 2/(-10).
2, 3
Suppose 0 = -2*v + 4 + 2. Suppose -5*s + v*q = -65, -2*s - 3*s + q + 75 = 0. List the prime factors of s.
2
Let o = 837 - 500. List the prime factors of o.
337
Let x = -270 + 532. What are the prime factors of x?
2, 131
Suppose q - 4*g - 33 = -2*q, -4*q + 31 = -g. What are the prime factors of q?
7
Let q(k) = 3*k**2 + 3*k + 1. Let z be q(-2). Let c(g) be the second derivative of g**3/6 - 3*g**2/2 + 2*g. What are the prime factors of c(z)?
2
Let j(h) = 83*h + 5. List the prime factors of j(1).
2, 11
What are the prime factors of (6 - 8)*(-18)/4?
3
Let l = -8 + 11. Suppose -14 = l*w + 4. What are the prime factors of 10/(-15) - 46/w?
7
Let j(p) = -35*p - 40. List the prime factors of j(-9).
5, 11
Let n = 80 - 52. What are the prime factors of n?
2, 7
Suppose 0 = 6*r - 811 - 533. List the prime factors of r.
2, 7
Suppose -v + 0*n = -4*n + 16, -11 = 5*v + 3*n. Let g(o) = -o**3 - 4*o**2 + 3. Let m be g(v). Suppose 0 = -m*x - 3 + 12. What are the prime factors of x?
3
Let q be 2*2/((-4)/(-13)). Let x(t) = -t**3 - 11*t**2 - 4*t - 15. Let h be x(-11). Suppose 2*j + 4*a - 8 = 0, -a = -5*j + q + h. List the prime factors of j.
2
Suppose 2*v - 9 = -f, -3*v + f - 5*f + 26 = 0. Suppose 5*w - 132 = v*w. What are the prime factors of 344/w - (-2)/11?
2
Suppose -3*d = -5*b - 4*d + 10, 0 = -b - 3*d + 2. Let v(f) = -2*f**2 + f**b + 3 - 10*f - 4. List the prime factors of v(-9).
2
Suppose 0 = -i - 2*r + 26, -r + 0 + 58 = 3*i. List the prime factors of i.
2, 3
What are the prime factors of 2/3 - (-238)/21?
2, 3
Let c(a) = 7*a**2 - 12. Let v be c(-6). Suppose t + 2 = 0, -3*s + 5*t + v = 2*s. What are the prime factors of s?
2, 23
Let v = -42 + 72. Suppose -5*b + v = -2*b. List the prime factors of b.
2, 5
Suppose 2*y + 5*p + 2 = 11, 4*y = -4*p. Let i = -1 - y. Let k = i + 2. List the prime factors of k.
2
Let w = -18 + 25. List the prime factors of w.
7
Suppose 184 = -3*x - 6*p + p, 0 = 3*p - 3. Let m be (-1 + 3)*x/(-6). Suppose 3*r - m = 15. What are the prime factors of r?
2, 3
What are the prime factors of ((-276)/36)/(2/(-12))?
2, 23
Let c(s) = -s**3 - 7*s**2 - 5*s + 8. Let y be 1*(-2)/((-2)/1). Suppose 2*w + 11 + y = 0. List the prime factors of c(w).
2
Let b = 40 - 9. What are the prime factors of b?
31
Let i(u) be the first derivative of -u**2/2 + 3*u - 5. What are the prime factors of i(-6)?
3
Let c(d) = 2*d**2 + 16*d + 17. What are the prime factors of c(-14)?
5, 37
Let l(y) = -9*y + 3. Let p(q) = 4*q - 2. Let z(o) = -6*l(o) - 13*p(o). List the prime factors of z(8).
2, 3
Let z(t) be the first derivative of 5*t**3/3 - 2*t**2 + 2*t - 2. List the prime factors of z(2).
2, 7
Let r(c) = 96*c**3 - c + 1. List the prime factors of r(1).
2, 3
Let l(f) = -3 + 3 - f**2 - 2*f - 1. Let h(t) = -5*t**2 - 8*t - 5. Let v(x) = -2*h(x) + 9*l(x). List the prime factors of v(-2).
3
Suppose 5*i - 51 = -3*v, -4*i + 75 + 1 = 4*v. Suppose -v = -2*z + z. Suppose z = 4*g - 10. What are the prime factors of g?
2
Suppose 4 = j + k, 4*j + 0*k - 12 = -2*k. Suppose -44 = -2*h + 5*i, -j*h = -3*i - 0*i - 52. List the prime factors of h.
2
Let v be 5/2 + 2/(-4). Suppose 0 = v*i + i - 6. What are the prime factors of i?
2
Let g(t) = -2*t - 6. Let l be g(-5). Let w(f) = f + 5. List the prime factors of w(l).
3
Let a = -4 - -6. Suppose a*b = 14 - 0. What are the prime factors of b?
7
List the prime factors of (-180)/(-21)*(-42)/(-9).
2, 5
Let d(c) = c**2 - 9*c + 17. List the prime factors of d(15).
107
Let u = -30 + 54. What are the prime factors of u?
2, 3
Let y be ((-3)/(-9)*0)/(-2). Let f be -2 - (y/(-3) + -2). Suppose -k - 3*k + 56 = f. What are the prime factors of k?
2, 7
Suppose y = -2 + 14. What are the prime factors of 2 + -1 + (y - 2)?
11
Suppose 5*f - 1317 = -3*n - 410, -f - 4 = 0. List the prime factors of n.
3, 103
Let l = 13 - 1. Let m = l - 7. What are the prime factors of m?
5
Let l = -4 + 11. Let q be 2/l + (-141)/(-21). Suppose -3*r - a + 23 = 0, 4*r + a = 22 + q. List the prime factors of r.
2, 3
Suppose 2*v = -3*a + 3, 4*a - 1 = -2*v + 3. Suppose v = 4*i - 1 - 11. What are the prime factors of i?
3
Let r be -2 - 3 - (2 - 6). Let i = 8 + r. List the prime factors of i.
7
Let i be (-1)/(4/(8*-3)). Suppose 0 = -u + i. What are the prime factors of u?
2, 3
Suppose 5*z - 45 - 25 = 0. Let p = z + -10. What are the prime factors of p?
2
Suppose 4*m - 18 = m. Let j = m - 10. What are the prime factors of (-1)/j + 7/4?
2
Suppose 0 = -14*q + 280 + 2772. What are the prime factors of q?
2, 109
Let x be 9/12*(-16)/(-2). Let o = 11 - x. List the prime factors of o.
5
Let m(j) = 2*j - 4. Let b(n) = -3*n + 3. Let q(v) = 4*b(v) + 5*m(v). Let s be q(-6). What are the prime factors of -1 - 2/(s/(-10))?
2
Suppose -5*a + 61 + 34 = 0. What are the prime fa